uppose 5*x - 33 = 12. Calculate the highest common divisor of 99 and x.
9
Suppose -t + 4*d + 62 = 11, 2*t - 86 = 4*d. Suppose 7*h - 3*h = 5*b + 81, -h + 56 = -4*b. Let l = b - -18. Calculate the greatest common divisor of t and l.
5
Let z = -48 + 108. Suppose 5*s = -0*s + 100. What is the greatest common divisor of z and s?
20
Suppose -y = 2*y - 1152. Suppose 2*u - 4*j - y = 0, -u + 3*j + 25 = -164. Calculate the highest common factor of u and 18.
18
Let r = 0 + 0. Suppose -4 = -b - r. Suppose 156 = 4*d + 12. Calculate the greatest common divisor of d and b.
4
Let g(y) = y**3 + 3*y**2 - 2*y + 3. Let u be g(-3). What is the highest common divisor of u and 72?
9
Let c(l) = l - 8. Let q be c(9). Suppose -q = -4*d + 11. What is the highest common divisor of d and 12?
3
Let h be (1/2)/(4/(-128)). Let x = -10 - h. What is the highest common factor of x and 2?
2
Suppose 8*y - 232 = 160. What is the greatest common factor of y and 7?
7
Suppose -2*a = 5*f - 7, 3*a - 6 = -f - 2*a. Let h = 39 - 32. What is the highest common factor of f and h?
1
Suppose 81 = 3*s - 90. Let l = 42 - 23. Calculate the highest common factor of l and s.
19
Suppose -3*h + 12 = -0*h, -2*r + 2*h = 4. Suppose -r*y + 5*y = 81. Calculate the highest common divisor of 27 and y.
27
Suppose 0 = -2*w + 8*w - 30. Let g be (5/2)/((-1)/(-14)). Calculate the highest common divisor of g and w.
5
Suppose -2 = -y - 1. Let a = y - -6. Let d be (7/2)/(1/8). What is the greatest common divisor of d and a?
7
Let w(y) = 6*y**2 + 2*y - 6. Let k be w(2). Calculate the highest common divisor of 55 and k.
11
Let r(p) = -11*p**2 - 31*p - 9. Let c(d) = 5*d**2 + 15*d + 4. Let y(i) = 13*c(i) + 6*r(i). Let z be y(7). What is the highest common factor of 8 and z?
4
Let d(b) = -b**3 - b + 70. Let x be d(0). Calculate the highest common factor of 14 and x.
14
Suppose -11*z = -9*z - 396. Let v(r) = -r**3 + 9*r**2 - 5*r - 2. Let g be v(8). What is the highest common factor of z and g?
22
Let b be (0 + 0)*(-4)/4. Suppose -2*o + 1 + 1 = b. What is the highest common factor of 2 and o?
1
Suppose -3*l = 5*y - 399, 3*l + 4*y - 253 = 146. What is the greatest common factor of l and 19?
19
Let x = 4 - -8. Suppose b = x - 1. Calculate the highest common divisor of 121 and b.
11
Let s be 2/(-6)*-3 + 1. Let r be (s - 3)/(1/(-5)). Suppose -r*p - 4*u + 130 = -2*u, -2*u + 82 = 3*p. Calculate the greatest common factor of p and 12.
12
Let n(o) = o**3 - 5*o**2 + 3*o - 9. Let w be n(5). Suppose -u - u + w = 0. What is the greatest common factor of u and 3?
3
Suppose 8*j - 1197 = j. What is the highest common factor of j and 19?
19
Let q be (-1 + -7)/((-2)/27). What is the greatest common divisor of q and 72?
36
Let a(k) be the second derivative of -3*k**5/4 - k**2/2 + 2*k. Let l be a(-1). Calculate the greatest common factor of 7 and l.
7
Let x be (-1)/(-4) - (-1815)/20. What is the greatest common factor of x and 13?
13
Let b be (-14)/21 - 244/(-6). Suppose 2 = -r + 5. Suppose 2*p + 1 = f, -r*p + 15 = f + 2*p. Calculate the greatest common factor of f and b.
5
Let c(k) = 10*k. Let o be c(5). Suppose -6*z = -z - o. Let i = 8 + -4. Calculate the greatest common divisor of i and z.
2
Let z = -49 + 97. What is the highest common factor of 32 and z?
16
Let o = -18 - -50. Calculate the highest common factor of 48 and o.
16
Suppose -2*n + 8 = 2*n. Suppose 0 = r + 3*b - 36, 14 = 4*b + 2. Let m be n - r/(-3) - -1. What is the highest common divisor of 4 and m?
4
Let b = 0 + 5. Suppose -r - 2*r + 3 = 0. What is the greatest common divisor of b and r?
1
Suppose -4*h - h + 3*b = -672, 2*b + 673 = 5*h. Suppose 4*n - 16 = 44. What is the greatest common divisor of n and h?
15
Let d = -163 + 211. Calculate the highest common factor of d and 6.
6
Suppose 90 = 3*o - 5*w - 19, w = -4*o + 130. What is the greatest common divisor of o and 297?
33
Suppose -3*t - 21 = -2*s, -s + 3*t + 33 = 3*s. Calculate the highest common factor of s and 2.
2
Let i be ((-12)/(-3))/2 + 20. Let l be 2/(-3) + 20/(-15). Let r be 4/l + 70/2. What is the greatest common divisor of i and r?
11
Let s = 10 + -22. Let h(w) = w**2 + 11*w + 15. Let u be h(s). What is the highest common factor of u and 3?
3
Let p(m) = -m**2 + 4*m - 1. Let c be p(3). Let b be 2/(-1)*-1 - -3. Suppose -b*z + 24 = -c*z. Calculate the highest common divisor of 20 and z.
4
Let c be 4/(16/(-4)) - -4. Calculate the greatest common divisor of c and 8.
1
Suppose -a + 6 = -4. What is the highest common factor of 10 and a?
10
Suppose c + 3 = 6. Suppose -234 = -5*x - c*q, 0 = -0*x + 4*x - 3*q - 171. What is the highest common factor of x and 5?
5
Let o(q) = q**3 + 7*q**2 + q + 7. Let i be o(-6). Calculate the highest common divisor of 259 and i.
37
Suppose -t + 109 = 5*q - 221, 2*q - 2*t - 120 = 0. Calculate the greatest common divisor of q and 5.
5
Let t = 31 + 34. Let m = 42 - 29. Calculate the highest common factor of m and t.
13
Let m = -5 - -4. Let j be m + -3 - 2/1. Let a be 8/6*j/(-4). What is the highest common factor of a and 2?
2
Let p = 9 - 3. Suppose p*n = 4*n - s + 16, 2*n + 4*s = 4. Suppose 0 = -5*b - 5*w + 265, 119 - 10 = 2*b + 3*w. Calculate the greatest common divisor of b and n.
10
Let q(o) = 3*o**3 - 2*o**2 + o + 2. Let r be q(2). Suppose 0 = c + 5, -l + 3*c = 4*c. What is the greatest common divisor of r and l?
5
Suppose -2*n = -11 - 29. What is the greatest common divisor of 80 and n?
20
Let a = 7 - -3. Calculate the greatest common divisor of a and 2.
2
Suppose 0 = 5*g - 94 + 64. Calculate the greatest common factor of g and 15.
3
Let j(v) = -v**3 - 7*v**2 + 11*v + 3. Let x be j(-8). Let n = 32 + x. Calculate the greatest common divisor of n and 33.
11
Let y = -34 + 54. Suppose 5*z = -4*x + 140, -3*z + 4 = -8. What is the greatest common factor of y and x?
10
Suppose 82 = 5*q - 5*n + 2*n, 4*q - 69 = -n. Calculate the greatest common divisor of 153 and q.
17
Let u(j) = 15*j**2 + 2*j - 1. Let k be u(-2). What is the highest common divisor of 22 and k?
11
Let i = 124 - 19. Let s(b) = b - 3*b - 3 + 11*b. Let j be s(2). What is the highest common divisor of j and i?
15
Let q = 209 - 118. Calculate the greatest common divisor of 13 and q.
13
Suppose -4*j + 41 = -43. Suppose -3*y + 4 = -5. Calculate the highest common factor of j and y.
3
Let k(r) = 2*r**3 + 2*r**2 - 5*r + 3. Let c be k(3). Calculate the highest common factor of c and 40.
20
Suppose 5*f - i + 10 = 0, 0 = f + 2*i - 5*i + 16. Let g be 7 + -2 + 0 + f. Calculate the greatest common factor of 20 and g.
4
Suppose -5*y - g + 419 = -0*g, 0 = 2*y - 4*g - 172. Suppose -2*f + 30 = -3*m, 4*f + 1 = -m + 47. What is the highest common factor of f and y?
12
Suppose 4*p - 40 = -0*w + 2*w, 2*w = -p + 15. What is the highest common divisor of 121 and p?
11
Let n be -1*-23*(-4)/(-16)*4. What is the highest common factor of 207 and n?
23
Let y(q) = -q. Let a be y(4). Let i = -3 - a. Suppose -m + 4 = 5*p - i, 3*m = -2*p - 11. Calculate the highest common factor of 14 and p.
2
Suppose 2*o + 5*t = 7*o - 5, 0 = -5*o - 4*t - 22. Let z = o - -2. Suppose 0*l - 3*l + 90 = z. What is the highest common factor of l and 75?
15
Let s = 34 - 21. Let t = 21 - s. What is the greatest common divisor of t and 56?
8
Suppose 0 = -4*w - w + 100. Suppose -5*d + 73 = -27. Calculate the highest common divisor of d and w.
20
Let q = -96 + 173. Calculate the greatest common divisor of q and 7.
7
Let q be (0 - 3) + 1*19. Let z(i) = i**2 + 5*i - 10. Let l be z(-7). What is the greatest common divisor of l and q?
4
Let t(z) = -z**2 - 4*z. Let y(v) = -2*v + 7. Let k be y(6). Let l be t(k). Let d = 9 + l. Calculate the greatest common divisor of d and 32.
4
Let z(h) = -87*h - 6. Let q be z(-1). What is the greatest common factor of q and 9?
9
Suppose 0 = 32*r - 34*r + 200. What is the greatest common divisor of 10 and r?
10
Suppose -3*i - 13 - 3 = 4*j, -i - 16 = 4*j. Suppose -4*y - 2*m + i*m + 50 = 0, y = m + 20. What is the highest common divisor of y and 15?
15
Suppose 5*h - 15 = -0. Suppose 0*b + 3 = h*b. Calculate the greatest common divisor of 2 and b.
1
Suppose 0 = 4*z + 5 - 305. Calculate the greatest common divisor of 25 and z.
25
Suppose 5*v - 6*v + 3*c + 14 = 0, 4*v - c = 78. Suppose -j + 6*j = v. What is the greatest common divisor of j and 32?
4
Suppose 0 